{"id":44,"date":"2015-05-20T10:47:47","date_gmt":"2015-05-20T08:47:47","guid":{"rendered":"http:\/\/daectest2.luftsportjugend-bremen.de\/?page_id=44"},"modified":"2015-05-20T10:47:47","modified_gmt":"2015-05-20T08:47:47","slug":"ballonfahren","status":"publish","type":"page","link":"https:\/\/daec-bremen.de\/?page_id=44","title":{"rendered":"Ballonfahren"},"content":{"rendered":"<p><strong>Ein Logenplatz am Himmel<\/strong><\/p>\n<p>In ihren Hei\u00dfluftballonen schweben sie als lautlose Zuschauer \u00fcber st\u00e4ndig wechselnde B\u00fchnenbilder. Mal \u00fcber das gesch\u00e4ftige Treiben der St\u00e4dte, mal \u00fcber kleine D\u00f6rfer, deren Kirchturmglocken die Idylle klangvoll verzaubern. Oder \u00fcber Felder und Wiesen, von denen K\u00fche verwundert emporblicken. Kein Wunder. Immerhin sind die riesigen Ballone ein Schauspiel f\u00fcr sich. Denn \u00fcber den K\u00f6pfen der Fahrer bl\u00e4hen sich die pr\u00e4chtigsten Ballonh\u00fcllen auf, die als bunte Farbkleckse den Himmel malerisch verzieren.<\/p>\n<p>Durch geschicktes Steigen und Sinken l\u00e4sst sich der Hei\u00dfluftballon begrenzt lenken, da sich je nach H\u00f6he die Windrichtung \u00e4ndert. Trotz gem\u00e4chlichen Dahingleitens versp\u00fcrt der Ballonfahrer hin und wieder ein herrlichen Kribbeln im Bauch. Dann z. B. wenn er mit seinem Ballon auf einem vorher ausgew\u00e4hlten Landeplatz genau aufsetzt.<\/p>\n","protected":false},"excerpt":{"rendered":"<p>Ein Logenplatz am Himmel In ihren Hei\u00dfluftballonen schweben sie als lautlose Zuschauer \u00fcber st\u00e4ndig wechselnde B\u00fchnenbilder. Mal \u00fcber das gesch\u00e4ftige Treiben der St\u00e4dte, mal \u00fcber kleine D\u00f6rfer, deren Kirchturmglocken die Idylle klangvoll verzaubern. Oder \u00fcber Felder und Wiesen, von denen K\u00fche verwundert emporblicken. Kein Wunder. Immerhin sind die riesigen Ballone ein Schauspiel f\u00fcr sich. Denn &hellip;<br \/><a href=\"https:\/\/daec-bremen.de\/?page_id=44\">Read more <span class=\"meta-nav\">&rarr;<\/span><\/a><\/p>\n","protected":false},"author":1,"featured_media":0,"parent":26,"menu_order":0,"comment_status":"closed","ping_status":"closed","template":"","meta":{"footnotes":""},"class_list":["post-44","page","type-page","status-publish","hentry"],"_links":{"self":[{"href":"https:\/\/daec-bremen.de\/index.php?rest_route=\/wp\/v2\/pages\/44","targetHints":{"allow":["GET"]}}],"collection":[{"href":"https:\/\/daec-bremen.de\/index.php?rest_route=\/wp\/v2\/pages"}],"about":[{"href":"https:\/\/daec-bremen.de\/index.php?rest_route=\/wp\/v2\/types\/page"}],"author":[{"embeddable":true,"href":"https:\/\/daec-bremen.de\/index.php?rest_route=\/wp\/v2\/users\/1"}],"replies":[{"embeddable":true,"href":"https:\/\/daec-bremen.de\/index.php?rest_route=%2Fwp%2Fv2%2Fcomments&post=44"}],"version-history":[{"count":1,"href":"https:\/\/daec-bremen.de\/index.php?rest_route=\/wp\/v2\/pages\/44\/revisions"}],"predecessor-version":[{"id":45,"href":"https:\/\/daec-bremen.de\/index.php?rest_route=\/wp\/v2\/pages\/44\/revisions\/45"}],"up":[{"embeddable":true,"href":"https:\/\/daec-bremen.de\/index.php?rest_route=\/wp\/v2\/pages\/26"}],"wp:attachment":[{"href":"https:\/\/daec-bremen.de\/index.php?rest_route=%2Fwp%2Fv2%2Fmedia&parent=44"}],"curies":[{"name":"wp","href":"https:\/\/api.w.org\/{rel}","templated":true}]}}